 - -6214. Is w a composite number?
True
Suppose 0 = 54*u - 6146414 - 1980047 + 198235. Is u composite?
False
Let p = 35749 - -160584. Is p a composite number?
True
Suppose 6*s + 194432 = 651242. Is s prime?
False
Suppose 230 = -7*y - 9759. Let m = 3358 + y. Is m a prime number?
True
Let l be (-24 - -11)/(10/6 - 2). Suppose l*r = 34*r + 170. Suppose 508 - r = 6*s. Is s prime?
True
Let j(k) = 8*k - 319. Let m be j(40). Suppose 0*d - 5*z = -d + 27, 0 = d - 4*z - 22. Is d - (m + -1) - -49 a prime number?
False
Let o = 1407774 + -777328. Is o a composite number?
True
Let z = 394796 - 202579. Is z a composite number?
True
Suppose 0 = -2*h + 3*t - 64, 2*h + 3*h = -2*t - 122. Let d(j) = 5*j**2 - 5*j + 9. Let l(b) = -6*b**2 + 6*b - 7. Let u(f) = 5*d(f) + 4*l(f). Is u(h) composite?
False
Let r = -187652 - -522213. Is r a prime number?
True
Let j = -38 - -41. Suppose -4*b + 16 = 4*l, l - 4 = j*b + 2*b. Suppose -3*d - 3*t = 2*t - 1201, -l*d + 1586 = -t. Is d prime?
True
Let y(h) be the first derivative of 2*h**3/3 - 7*h**2/2 - 8*h + 171. Let x = -18 - -12. Is y(x) prime?
False
Suppose 5*w = 3*y - 2, 4 + 2 = -5*w + 4*y. Let d(l) = -8*l**2 - 3*l**2 - 3*l**3 - l**w + 10*l**2 - 3. Is d(-4) a composite number?
False
Suppose x = -5*q + 91457, q - 2*x - 9644 = 8643. Let y = q - 9423. Suppose 8*w - 4*j = 4*w + y, w - 5*j - 2201 = 0. Is w composite?
False
Let c = -35 - -35. Suppose c = -3*l - 53 + 479. Let j = l + -15. Is j a prime number?
True
Suppose -19*i + 15671 = -18*i + 2*c, -46978 = -3*i + c. Is i composite?
False
Let u be ((-30)/(-2))/(175/35). Let z(o) = -4*o - 1. Let m be z(-1). Suppose -m*c + 678 = u*c. Is c a prime number?
True
Let o(g) = -238*g**3 - 5*g**2 - 8*g + 1. Let u(j) = j**2 - 15*j - 2. Let a be u(15). Is o(a) a prime number?
True
Let b be (6091 + -17)/((-1)/(-10)*2). Suppose -4*i + 6538 + b = 0. Is i composite?
False
Suppose -58*g + 62*g = -12, -c - 2*g = 42965. Let f = c - -80442. Is f a prime number?
True
Let c be -5 + (10 - 9) + 1*14. Let q(i) = 64*i**2 + 19*i + 48. Is q(c) prime?
False
Is (3 + 859)*488*(-11)/(-176) composite?
True
Suppose 0 = -4*c - 4*w - 833980 + 6311628, 0 = -2*c + 5*w + 2738817. Is c a prime number?
True
Let d(p) = 3*p - 68. Let r be d(24). Suppose -x + 247 = 3*z, 267 = -r*x + 5*x - 2*z. Is x composite?
True
Let j(z) = 2*z - 46. Let x be j(26). Let h = -2 + -4. Is (h/(-21))/(x/7)*2217 a composite number?
False
Let r(d) = -d + 2. Let o be r(-2). Suppose -4*j + 0*j + 5*z + 5624 = 0, o*z = -16. Is j a composite number?
True
Suppose -44 = 4*t - 4. Let w be (2004/10)/((-4)/t). Let u = 113 + w. Is u prime?
False
Let z = 402402 + -84829. Is z a composite number?
True
Suppose d + 4*d = -2*n + 7, -3*d + 3 = 0. Suppose -n + 4 = w. Is (2 + w + 122)/(2 + -1) prime?
True
Is 79955 + 18/30*20 a prime number?
True
Suppose -5*i - o + 18 = 0, -3*i + 5*o - 6 = -28. Suppose -4*u = -z + 1878 + 1505, -13513 = -i*z - 3*u. Is z a composite number?
True
Let b(w) = 42*w**3 - w - 2. Let j be b(3). Suppose y + 3*m - j = -193, 0 = -4*y - 2*m + 3694. Is y composite?
True
Suppose 554*m - 524*m = 3805590. Is m a composite number?
True
Suppose -o = 4*f - 0*o - 340, -3*f = -4*o - 255. Let y be -15 - 42/(42/(-6)). Let b = f - y. Is b prime?
False
Let y(p) = -p**3 + 20*p**2 - 18*p + 217. Is y(18) prime?
True
Let v(g) = -g**3 + g - 1. Let m(j) = -3*j**3 - 9*j**2 + 16*j - 9. Let a(n) = m(n) - 2*v(n). Suppose 2*t = 0, -6*s = -2*s + t + 102 - 42. Is a(s) composite?
True
Let b(m) = -29*m**3 - 6*m**2 - 4*m - 36. Let a(s) = 146*s**3 + 31*s**2 + 21*s + 181. Let l(n) = 2*a(n) + 11*b(n). Is l(-5) composite?
False
Let k = -16 + 21. Suppose -31 = f + k*v, -7*v - 43 = 3*f - 2*v. Is (8156/f)/(20/(-30)) a prime number?
True
Let j(l) = -l**3 - 12*l**2 - 9*l + 25. Let u be j(-11). Is 51121/42 - (-2)/(-36)*u a composite number?
False
Let t(x) = -76*x - 13. Let q = -41 - -44. Suppose -2*d - q*d + 2 = 4*g, -4*d + 16 = -4*g. Is t(g) a prime number?
True
Let g(q) = 111*q**3 + 4*q**2 - 3*q - 13. Let j be 1/(4/(-4)) + (3 - -1). Is g(j) prime?
True
Let f be (1 - 44166/9) + (-2)/3. Suppose 4*w = -2*l + 15628, -4*w + 3718 = -2*l + 19330. Let d = l + f. Is d a composite number?
False
Let d be 0 + 0/(-2) + -13822. Let r = 3697 + d. Let v = 14638 + r. Is v a prime number?
True
Suppose 0 = -4*b + 6*b + 1748. Let a = -611 - b. Is a prime?
True
Suppose 0 = 2*r - i + 5927 - 22619, 3*i = -2*r + 16676. Let a = r + -3483. Is a prime?
True
Suppose z + 15 = 4*z. Let r = -11354 - -11356. Suppose -4*u + 1965 = u + z*s, -r*u + s + 774 = 0. Is u prime?
True
Suppose -q = 4, 0 = 3*b + 2*q - 22 - 6. Suppose s + b = z, -5*z + 16 = -s - 3*z. Is 138792/32 + 2/s a composite number?
False
Suppose -5*y + 339480 = 5*x, -3*x - 67926 = -y + 2*x. Is y prime?
True
Suppose -w - k = -1110, 2*k = 3*k - 5. Suppose 3*p + 2*q - w = 0, 2366 = 4*p + 5*q + 902. Suppose -p = -u + 8. Is u a composite number?
False
Suppose r + 18893 = 2*r + 3*w, -5*r + 94421 = 4*w. Let q = r - 8752. Is q prime?
False
Let d(i) = i**2 - 81 - i - 171 + 54 - 60. Is d(-16) a prime number?
False
Let y(o) be the third derivative of 0 + 11*o**2 - 1/8*o**4 + 0*o + 1/3*o**3 + 27/4*o**6 + 0*o**5. Is y(1) prime?
True
Let l(h) = 29 - 22*h + 34*h - 49*h + 11*h**2 + 2. Is l(13) a composite number?
False
Let i = 335 + -332. Suppose -2*z + i*c + 10417 = 0, -4 = 24*c - 20*c. Is z a composite number?
True
Let i = 738 + -291. Suppose -2649 = 3*g - i. Let w = -475 - g. Is w a composite number?
True
Is 14 - (-35069 - (-4 + -8)) composite?
True
Let z(j) be the first derivative of -3*j**2 + 6807*j - 11. Is z(0) a prime number?
False
Let l(j) = -j**2 + 15*j - 4. Let u be l(5). Let i = -40 + u. Is (-1782)/(-4) + i/12 a prime number?
False
Suppose -86*g + 48671 = -85*g + 3*f, -f - 97349 = -2*g. Is g composite?
True
Let b(h) = -3*h + 2. Let m be b(0). Let l = 5053 - 2891. Suppose 4*x - o - 4296 = 0, 2*x - 6*o - l = -m*o. Is x composite?
True
Let c = -19406 + 80409. Is c composite?
True
Suppose -7*y + 0*y = -11714 + 1795. Is y a prime number?
False
Let n(w) = 2*w**3 - w**2 + 6*w - 2. Let t(l) = -l**2 + l - 1. Let k(z) = -n(z) + 3*t(z). Let y be k(-1). Suppose -3*q + 11015 = y*q. Is q prime?
True
Let y be (-4)/7 + (-185202)/(-42). Suppose l - 3404 = -6*t + y, 0 = -2*l + 5*t + 15609. Is l a composite number?
True
Let t(f) = 197*f**2 + 2*f. Suppose 6*p - 3*p - 12 = 0, 0 = -u + 4*p - 7. Suppose -8*k - 1 = -u*k. Is t(k) composite?
False
Suppose -221 = -3*i - a, a - 2*a = 2*i - 147. Let w(p) = 263*p + 73 + 197*p - i. Is w(2) a prime number?
True
Suppose -j = -0*p - 4*p, -5*j - 15 = -5*p. Let b be (5/4 - 2) + j/16. Is 2/(-1 + b)*-869 prime?
False
Let g = 259346 - 166247. Is g a composite number?
True
Let b be ((-12097)/(-3))/((-9)/(-27)). Let z = b + -6474. Is z a composite number?
False
Suppose 16*w = 13*w + 24. Suppose -3*r = -w*r + 4925. Is r a prime number?
False
Suppose 4*l = -4 - 4. Let w be 2/l*2*105. Is 5584/22 - (3 - w/(-66)) prime?
False
Suppose 55191729 = 277*f + 2129332. Is f a prime number?
True
Let a be -3 - 6/(-3) - -6886. Suppose 0 = p + 2*q - 1563, 2*q + a - 633 = 4*p. Is p a composite number?
True
Suppose 3161 = -5*p + 37574 + 51982. Is p a prime number?
False
Suppose 4*l - 17 = -g, 3*l = -0*l + 4*g + 8. Suppose l*v = 5*v - 6289. Is v composite?
True
Suppose 2*k + 2*r + 392 = 0, -5*k - r + 4*r = 948. Let p be 5 - 171/33 - k/(-33). Is (-44388)/(-44) - p/33 a composite number?
False
Suppose -6915*t - 2675152 = -6931*t. Is t a composite number?
False
Suppose -969809 = -3*l + 5*j, 2*j + 134524 = 2*l - 512018. Is l prime?
True
Let u(v) = 2*v - 21. Let l be u(11). Let j be l/3 + 4475/(-15) + 2. Is (-6 - -7) + j/(-2) prime?
True
Let f(x) = 9*x + 99. Let n be f(-11). Suppose 0 = l + w - n*w - 9850, -5*l + 4*w = -49277. Is l composite?
True
Let v(j) = 996*j - 2015. Is v(8) a prime number?
True
Suppose -5*s + 18 = -2*s - 4*w, -9 = 3*s + 5*w. Suppose s*m = h + 8, 4*m = h - 7 + 23. Suppose -464 - 300 = -m*q. Is q composite?
False
Suppose 0 = 3*p - 5*r + 4, 22 = -2*p - 5*r + 36. Is (-1 + -2322 + -3)/(p/(-1)) composite?
False
Let s = -50 - 80. Let b = s + -132. Let u = b + 383. Is u a prime number?
False
Suppose 5*n = 3*c - 492, 0 = 5*c - 3*n - 256 - 548. Let m be (-3 + 0)*1/(-3). Is m*(c - (-16)/4) a composite number?
False
Suppose 3*p = -14*p - 1934944 + 6631925.